Suppose -5*d + 0 + 12 = 4*v, 0 = -d + v + 6. Let n be (d + -1)*1*9. What is the units digit of (-6)/n - (-76)/18?
4
Suppose -7 = -4*z - 3. Let s be (z + -1)/(-2 + 5). Suppose -5*v + s*v - 2*g + 15 = 0, -2*v + 5*g = -6. What is the units digit of v?
3
Suppose 95 = 4*j + 2*v + v, -55 = -4*j + 5*v. Suppose -4*r + 0 = -j. Suppose -r*f + f - d + 12 = 0, 5*d - 12 = -4*f. What is the units digit of f?
3
Suppose 5*d - 64 = 51. What is the units digit of d?
3
Suppose -k - 201 = -4*v, -2*v + 7*k + 90 = 3*k. What is the units digit of v?
1
Let f(c) = -5*c**3 - 2*c**2 - 3*c - 3. Let a(n) = -11*n**3 - 4*n**2 - 6*n - 6. Let v(l) = -3*a(l) + 7*f(l). What is the units digit of v(-2)?
1
Suppose -2*k - 4*j + 19 = 1, -k + j = 0. Suppose 0 = 4*i - 4, -k*y - 3*i + 71 = y. What is the units digit of y?
7
Let z be 16/9 + 6/27. Let h(n) = 3*n**3 - 3*n**2 + 2*n - 2. What is the units digit of h(z)?
4
Suppose -38 = -4*o + 190. What is the units digit of o?
7
Let i = 118 + -46. Suppose i = -2*c + 6*c. What is the units digit of c?
8
What is the units digit of (-676)/(-5) - (-9)/(-45)?
5
Let g = 4 - 6. Let n(v) = v - 6. Let q be n(11). Let m = q - g. What is the units digit of m?
7
Let i(q) = q**3 + 5*q**2 + 3*q - 1. Let x be 2 + (-5)/((-15)/(-18)). Let p be i(x). Suppose -5*n = -p*y - 3 - 2, 5*n = -2*y + 5. What is the units digit of n?
1
Let b(w) = 4*w**3 - 1. Let g be b(-1). Let j be (-1)/g + 29/5. Suppose 0 = 3*x - 2*x - j. What is the units digit of x?
6
Let o be (-9 - -7)*(-10)/4. Suppose -8 + 0 = -d. Let y = d - o. What is the units digit of y?
3
Suppose f - 4*f + 5*x = 13, 5*f - 5*x + 5 = 0. Let u = -2 + f. Suppose 0 = -4*s - u*j + 20 + 6, s + 5*j = 29. What is the units digit of s?
4
Let x(s) = -3*s - 4. Let c be x(4). Suppose -4*z + 9*z + 5 = 0. Let i = z - c. What is the units digit of i?
5
Suppose 3*p - 5*h - 1102 = 0, -2*p + 5*h + 110 + 628 = 0. What is the hundreds digit of p?
3
Let d(c) = c - 9. Let z be d(9). Suppose -2*t = 2*m - 34, -m + 4*t + z + 22 = 0. What is the units digit of m?
8
Let p(d) = d**3 + d**2 + 4. Let z(i) = -i**2 + 5*i - 4. Suppose -4*m + 3*b = m - 5, -5 = -b. Let q be z(m). What is the units digit of p(q)?
4
Suppose 0 = q + 2*q - 54. What is the tens digit of q?
1
Suppose 3*z - 214 = 140. What is the units digit of z?
8
Suppose -5*o + 3*o - 10 = 0. Let g(d) = -d + 11 - 2*d + 4*d. What is the units digit of g(o)?
6
Let m be 8/24*69*7. Suppose 0 = 4*h + 16, -5*h = -5*s - h + m. What is the units digit of s?
9
Suppose -51 - 18 = -3*y. What is the units digit of y?
3
Suppose 3*w - 5*w = 18. Let v = w - -20. What is the units digit of v?
1
Let s(g) = g**3 - 2*g**2 - 3*g + 2. Let q be s(3). Suppose 0*x = -2*x - q*u + 4, -x + 2 = -u. Let m = 6 + x. What is the units digit of m?
8
Suppose 0 = 2*f - 3*k - 226, 3*f - 5*k - 358 = -10*k. What is the hundreds digit of f?
1
Suppose -51 = -4*n + 77. Let r = n - 24. What is the units digit of r?
8
Let g(v) = -v**3 - 5*v**2 + 4*v - 3. Let z be g(-6). Suppose 2*p = -2*o + 11 + z, 5*p - 35 = -2*o. What is the units digit of p?
5
Suppose -j + 41 = 5*u - 24, 4*u = 5*j + 23. What is the tens digit of u?
1
Let w be (68/(-16))/((-2)/8). Let o = -4 + w. What is the units digit of o?
3
Suppose 7 = -4*s - 1, 2*w - 12 = 4*s. Suppose -w*l + 18 = -3*l + 5*q, 2*l - 8 = -q. What is the units digit of l?
2
What is the units digit of ((54/(-6))/(-3))/(9/78)?
6
Let q(t) be the first derivative of t**4/12 - t**3 - 11*t**2/2 - 2*t + 3. Let h(g) be the first derivative of q(g). What is the units digit of h(8)?
5
Suppose 0 = 2*y + 61 - 21. Let k = y - -40. Let o = -13 + k. What is the units digit of o?
7
Let u = 164 - 96. What is the tens digit of u?
6
Let x = -2 - -5. What is the units digit of x?
3
Suppose h - 4*q = -6 - 1, -2*h = 5*q - 25. Suppose h*k - 10 = 35. What is the units digit of k?
9
What is the units digit of (2 - (-7)/(-3))*(-413 + 2)?
7
What is the units digit of 4/14 - -705*(-2)/(-14)?
1
Let p = 54 - 35. What is the units digit of p?
9
Suppose g = 5*g - 20. Suppose 5 = g*q + 4*s, -6 = -4*q - s - 2. What is the units digit of 0 - 0 - (0 - q)?
1
Let x(s) = -s**3 - 6*s**2 + 4*s - 17. Suppose 2*j + 11 + 3 = 0. What is the units digit of x(j)?
4
Let b be ((-4)/(-8))/((-4)/(-56)). Suppose 0 = -v + 40 + b. What is the tens digit of v?
4
Let i(w) be the first derivative of w**2/2 - w - 3. Let u be i(4). Let t = u - 0. What is the units digit of t?
3
Suppose -3*j - 2*s + 0*s + 13 = 0, 2*j - 8 = -s. Suppose 2*u = -j*u + 15. Suppose 5*r = 4*t + 43, u*r = t + 15 + 8. What is the units digit of r?
7
Suppose -1 = -2*k + 1. What is the units digit of k?
1
What is the tens digit of (-3 - -7)*34/4?
3
Let l(b) = -b + 12. Let z be l(9). Suppose p = z*p. Let c = 2 - p. What is the units digit of c?
2
Suppose 6 - 37 = -g. What is the units digit of g?
1
Suppose -2*m = 4, 2*m - 1 = -p + m. Let g(l) = p - 3 + l - l**2 + 2. What is the units digit of g(0)?
2
Let x(w) be the first derivative of w**4/4 - 2*w**3 - w**2/2 + 8*w - 1. Suppose 0*p - 18 = -3*p. What is the units digit of x(p)?
2
Let t be (6/4)/(1/(-2)). Let z(r) = -7*r + 2. Let d be z(t). Suppose 3*q + v - 5*v - 33 = 0, 2*q = 3*v + d. What is the units digit of q?
7
Suppose -9 = m - 3*x, m = 5*m - 2*x + 16. Let i(t) = -t**3 + 3*t + 1. What is the tens digit of i(m)?
1
Let f(u) = 2*u**2 + 1. Let l be f(-1). Suppose -l*h - 14 = -77. What is the units digit of h?
1
Let k(r) = r + 8. Let g be k(-6). Let q(l) = l**3 - l**2 + 2*l. What is the units digit of q(g)?
8
Let j(q) = -q**3 - 4*q**2 - 5*q - 3. Let m be j(-3). What is the tens digit of (-5)/2*(-18)/m?
1
Let r be 14/4 + (-1)/(-2). What is the tens digit of 2*2*23/r?
2
What is the tens digit of 21/(-14) - 47/(-2)?
2
Suppose a = 5 - 4. Let y = 10 - a. What is the units digit of y?
9
Let m(x) = -2*x**3 - 27*x**2 + 10*x + 13. What is the tens digit of m(-14)?
6
Suppose 5*s + 39 + 171 = 4*g, 3*s - 281 = -5*g. Let h be g/2 - 3/6. What is the units digit of (3/9)/(1/h)?
9
Let l(k) = -k - 3. Let h be l(-4). Let a = h - -2. What is the units digit of a?
3
Suppose 5*d = -2*w, -5*d + 3*d = -3*w. Suppose -5*s + 79 + 61 = d. What is the units digit of s?
8
Let t be 4*(1 - (-5)/(-2)). Let f(n) = -n**2 - 6*n + 2. Let p be f(t). What is the units digit of ((-6)/12)/((-1)/p)?
1
Let l(n) = -n**3 + 8*n**2 - 7. Let q be l(8). Let w = 12 + q. What is the units digit of w?
5
Let j(t) = -4*t**3 + 6*t**2 - 8*t + 2. Let o(f) = -f**3 + f**2 - f. Let a(m) = -j(m) + 8*o(m). What is the tens digit of a(-2)?
3
Suppose 5*n + 8 = 3, -71 = 2*g + n. Let h = -23 - g. What is the tens digit of h?
1
Suppose -37 = 2*m + 53. Let c be m/(-10) - 1/2. Suppose c*d - 25 = -1. What is the units digit of d?
6
Let k(u) = -u**2 - 4*u - 1. Let f be k(-2). Suppose -f*d - 4*o + 19 = -2*o, 2*d = 2*o - 4. What is the units digit of d?
3
Let v(k) = -112*k**3 - 4*k - 4. What is the units digit of v(-1)?
2
Suppose 32*y - 141 = 29*y. What is the tens digit of y?
4
Let t = 93 - 58. What is the tens digit of t?
3
Let h(o) = -5*o + 5. Let k be h(-9). Let w = -36 + k. What is the units digit of w?
4
Suppose 0*f - 5*f = -35. Let k be 0 + (2 - (-3 + f)). What is the units digit of k/6 - 43/(-3)?
4
Let s(a) = 2*a**3 + 2*a**2 - a. Let z be s(-2). Let w = z - -15. What is the units digit of w?
9
Let r be (-4)/((-32)/6)*-12. Let f = r + 28. What is the tens digit of f?
1
Let j = -5 + 10. Let w(z) = z + 2. What is the units digit of w(j)?
7
Let c(k) = k**3 + k**2 - 2*k. Let r be c(-2). Suppose -t + 8 + 11 = r. What is the units digit of t?
9
Let z = 80 - 20. What is the units digit of z?
0
Let w(v) = -5*v - 1. Let k(a) = 9*a + 2. Let j(h) = -4*k(h) - 7*w(h). Let p be j(-3). Suppose 1 = -p*z + z, 4*z = 5*s - 64. What is the tens digit of s?
1
Suppose 3*c + 4*p = 9, 3*c + p - 9 = -0*p. Suppose 12*l - 8*l = 0. Suppose f + l = c. What is the units digit of f?
3
Suppose o + 3*o = 12. Suppose -o = s - 8. What is the units digit of s?
5
Suppose d - 12 = 3*d. What is the units digit of 56/(-6)*d/4?
4
Let p be (-1 + -7 + 0)/(-1). Let h = -2 - -2. Suppose h*l - p = -l. What is the units digit of l?
8
Suppose -5*y = 24 + 6. What is the tens digit of y/(-9) + (-58)/(-3)?
2
Let v(c) = -9*c. Let z be v(1). Let d be 2 - (-3)/((-3)/(-14)). Let f = z + d. What is the units digit of f?
7
Let v(h) = -2